{"id":393,"date":"2023-02-09T09:06:00","date_gmt":"2023-02-09T08:06:00","guid":{"rendered":"https:\/\/belmont-veterinaire.ch\/?page_id=393"},"modified":"2023-02-14T09:40:33","modified_gmt":"2023-02-14T08:40:33","slug":"gaudenz-mischol","status":"publish","type":"page","link":"https:\/\/belmont-veterinaire.ch\/?page_id=393","title":{"rendered":"Gaudenz Mischol"},"content":{"rendered":"<div id=\"pl-gb393-6a96738e42fa2\"  class=\"panel-layout\" ><div id=\"pg-gb393-6a96738e42fa2-0\"  class=\"panel-grid panel-no-style\" ><div id=\"pgc-gb393-6a96738e42fa2-0-0\"  class=\"panel-grid-cell\" ><div id=\"panel-gb393-6a96738e42fa2-0-0-0\" class=\"so-panel widget widget_sow-image panel-first-child panel-last-child\" data-index=\"0\" ><div class=\"so-widget-sow-image so-widget-sow-image-default-d6014b76747a-393\">\n\n<div class=\"sow-image-container\">\n\t\t<img decoding=\"async\" src=\"https:\/\/belmont-veterinaire.ch\/wp-content\/uploads\/2023\/02\/GaudenzMischolpresentation.jpg\" width=\"1039\" height=\"1115\" srcset=\"https:\/\/belmont-veterinaire.ch\/wp-content\/uploads\/2023\/02\/GaudenzMischolpresentation.jpg 1039w, https:\/\/belmont-veterinaire.ch\/wp-content\/uploads\/2023\/02\/GaudenzMischolpresentation-280x300.jpg 280w, https:\/\/belmont-veterinaire.ch\/wp-content\/uploads\/2023\/02\/GaudenzMischolpresentation-954x1024.jpg 954w, https:\/\/belmont-veterinaire.ch\/wp-content\/uploads\/2023\/02\/GaudenzMischolpresentation-768x824.jpg 768w\" sizes=\"auto, (max-width: 1039px) 100vw, 1039px\" title=\"GaudenzMischolpr\u00e9sentation\" alt=\"\" loading=\"lazy\" \t\tclass=\"so-widget-image\"\/>\n\t<\/div>\n\n<\/div><\/div><\/div><div id=\"pgc-gb393-6a96738e42fa2-0-1\"  class=\"panel-grid-cell\" ><div id=\"panel-gb393-6a96738e42fa2-0-1-0\" class=\"so-panel widget widget_sow-editor panel-first-child panel-last-child\" data-index=\"1\" ><div class=\"so-widget-sow-editor so-widget-sow-editor-base\">\n<div class=\"siteorigin-widget-tinymce textwidget\">\n\t<h2>Pr\u00e9sentation<\/h2>\n<p>N\u00e9 \u00e0 Soleure, il a grandi \u00e0 Berne, o\u00f9 il a fait ses \u00e9tudes universitaires de m\u00e9decine v\u00e9t\u00e9rinaire.<\/p>\n<p>Apr\u00e8s son dipl\u00f4me, il a effectu\u00e9 \u00e0 la clinique des petits animaux de l&rsquo;Universit\u00e9 de Berne une ann\u00e9e de formation en anesth\u00e9sie, suivie de trois ans en chirurgie.<\/p>\n<p>Apr\u00e8s un s\u00e9jour dans une grande clinique \u00e0 Vienne\/Autriche, il a travaill\u00e9 pendant une ann\u00e9e comme assistant senior au d\u00e9partement de chirurgie \u00e0 la clinique des petits animaux de l&rsquo;Universit\u00e9 de Berne.<\/p>\n<p>En 1998, il est devenu ind\u00e9pendant et il a fond\u00e9 avec une coll\u00e8gue le centre v\u00e9t\u00e9rinaire Agy \u00e0 Fribourg. Il l&rsquo;a dirig\u00e9 conjointement pendant plus de 22 ans.<\/p>\n<p>En \u00e9t\u00e9 2020, il a vendu sa part du cabinet \u00e0 son associ\u00e9e afin de suivre une nouvelle voie professionnelle.<\/p>\n<p>Avec les services de la soci\u00e9t\u00e9 Kleintierchirurgie Mischol SA, il aimerait apporter aux cabinets partenaires ses connaissances acquises lors de plus de 30 ans d&rsquo;exp\u00e9rience professionnelle et sa grande exp\u00e9rience dans le domaine de la chirurgie, afin d&rsquo;\u00e9largir leur gamme de services et de rendre l&rsquo;offre pour les animaux et les humains encore plus attrayante.<\/p>\n<\/div>\n<\/div><\/div><\/div><\/div><\/div>","protected":false},"excerpt":{"rendered":"<p>Pr\u00e9sentation N\u00e9 \u00e0 Soleure, il a grandi \u00e0 Berne, o\u00f9 il a fait ses \u00e9tudes universitaires de m\u00e9decine v\u00e9t\u00e9rinaire. Apr\u00e8s son dipl\u00f4me, il a effectu\u00e9 \u00e0 la clinique des petits animaux de l&rsquo;Universit\u00e9 de Berne une ann\u00e9e de formation en anesth\u00e9sie, suivie de trois ans en chirurgie. Apr\u00e8s un s\u00e9jour dans une grande clinique \u00e0 [&hellip;]<\/p>\n<br\/><br\/><a class=\"readmore-button\" href=\"https:\/\/belmont-veterinaire.ch\/?page_id=393\"> Read More<\/a>","protected":false},"author":1,"featured_media":0,"parent":11,"menu_order":0,"comment_status":"closed","ping_status":"closed","template":"","meta":{"footnotes":""},"class_list":["post-393","page","type-page","status-publish","hentry"],"_links":{"self":[{"href":"https:\/\/belmont-veterinaire.ch\/index.php?rest_route=\/wp\/v2\/pages\/393","targetHints":{"allow":["GET"]}}],"collection":[{"href":"https:\/\/belmont-veterinaire.ch\/index.php?rest_route=\/wp\/v2\/pages"}],"about":[{"href":"https:\/\/belmont-veterinaire.ch\/index.php?rest_route=\/wp\/v2\/types\/page"}],"author":[{"embeddable":true,"href":"https:\/\/belmont-veterinaire.ch\/index.php?rest_route=\/wp\/v2\/users\/1"}],"replies":[{"embeddable":true,"href":"https:\/\/belmont-veterinaire.ch\/index.php?rest_route=%2Fwp%2Fv2%2Fcomments&post=393"}],"version-history":[{"count":4,"href":"https:\/\/belmont-veterinaire.ch\/index.php?rest_route=\/wp\/v2\/pages\/393\/revisions"}],"predecessor-version":[{"id":548,"href":"https:\/\/belmont-veterinaire.ch\/index.php?rest_route=\/wp\/v2\/pages\/393\/revisions\/548"}],"up":[{"embeddable":true,"href":"https:\/\/belmont-veterinaire.ch\/index.php?rest_route=\/wp\/v2\/pages\/11"}],"wp:attachment":[{"href":"https:\/\/belmont-veterinaire.ch\/index.php?rest_route=%2Fwp%2Fv2%2Fmedia&parent=393"}],"curies":[{"name":"wp","href":"https:\/\/api.w.org\/{rel}","templated":true}]}}

<div id="pl-gb393-6a96738e42fa2"  class="panel-layout" ><div id="pg-gb393-6a96738e42fa2-0"  class="panel-grid panel-no-style" ><div id="pgc-gb393-6a96738e42fa2-0-0"  class="panel-grid-cell" ><div id="panel-gb393-6a96738e42fa2-0-0-0" class="so-panel widget widget_sow-image panel-first-child panel-last-child" data-index="0" ><div class="so-widget-sow-image so-widget-sow-image-default-d6014b76747a-393">

<div class="sow-image-container">
		<img decoding="async" src="https://belmont-veterinaire.ch/wp-content/uploads/2023/02/GaudenzMischolpresentation.jpg" width="1039" height="1115" srcset="https://belmont-veterinaire.ch/wp-content/uploads/2023/02/GaudenzMischolpresentation.jpg 1039w, https://belmont-veterinaire.ch/wp-content/uploads/2023/02/GaudenzMischolpresentation-280x300.jpg 280w, https://belmont-veterinaire.ch/wp-content/uploads/2023/02/GaudenzMischolpresentation-954x1024.jpg 954w, https://belmont-veterinaire.ch/wp-content/uploads/2023/02/GaudenzMischolpresentation-768x824.jpg 768w" sizes="auto, (max-width: 1039px) 100vw, 1039px" title="GaudenzMischolprésentation" alt="" loading="lazy" 		class="so-widget-image"/>
	</div>

</div></div></div><div id="pgc-gb393-6a96738e42fa2-0-1"  class="panel-grid-cell" ><div id="panel-gb393-6a96738e42fa2-0-1-0" class="so-panel widget widget_sow-editor panel-first-child panel-last-child" data-index="1" ><div class="so-widget-sow-editor so-widget-sow-editor-base">
<div class="siteorigin-widget-tinymce textwidget">
	<h2>Présentation</h2>
<p>Né à Soleure, il a grandi à Berne, où il a fait ses études universitaires de médecine vétérinaire.</p>
<p>Après son diplôme, il a effectué à la clinique des petits animaux de l&rsquo;Université de Berne une année de formation en anesthésie, suivie de trois ans en chirurgie.</p>
<p>Après un séjour dans une grande clinique à Vienne/Autriche, il a travaillé pendant une année comme assistant senior au département de chirurgie à la clinique des petits animaux de l&rsquo;Université de Berne.</p>
<p>En 1998, il est devenu indépendant et il a fondé avec une collègue le centre vétérinaire Agy à Fribourg. Il l&rsquo;a dirigé conjointement pendant plus de 22 ans.</p>
<p>En été 2020, il a vendu sa part du cabinet à son associée afin de suivre une nouvelle voie professionnelle.</p>
<p>Avec les services de la société Kleintierchirurgie Mischol SA, il aimerait apporter aux cabinets partenaires ses connaissances acquises lors de plus de 30 ans d&rsquo;expérience professionnelle et sa grande expérience dans le domaine de la chirurgie, afin d&rsquo;élargir leur gamme de services et de rendre l&rsquo;offre pour les animaux et les humains encore plus attrayante.</p>
</div>
</div></div></div></div></div>

<p>Présentation Né à Soleure, il a grandi à Berne, où il a fait ses études universitaires de médecine vétérinaire. Après son diplôme, il a effectué à la clinique des petits animaux de l&rsquo;Université de Berne une année de formation en anesthésie, suivie de trois ans en chirurgie. Après un séjour dans une grande clinique à [&hellip;]</p>
<br/><br/><a class="readmore-button" href="https://belmont-veterinaire.ch/?page_id=393"> Read More</a>
