{"id":399,"date":"2023-02-09T09:06:37","date_gmt":"2023-02-09T08:06:37","guid":{"rendered":"https:\/\/belmont-veterinaire.ch\/?page_id=399"},"modified":"2023-02-14T09:41:33","modified_gmt":"2023-02-14T08:41:33","slug":"leslie-tahon-schmid","status":"publish","type":"page","link":"https:\/\/belmont-veterinaire.ch\/?page_id=399","title":{"rendered":"Leslie Tahon-Schmid"},"content":{"rendered":"<div id=\"pl-gb399-6a96732bdc2a2\"  class=\"panel-layout\" ><div id=\"pg-gb399-6a96732bdc2a2-0\"  class=\"panel-grid panel-no-style\" ><div id=\"pgc-gb399-6a96732bdc2a2-0-0\"  class=\"panel-grid-cell\" ><div id=\"panel-gb399-6a96732bdc2a2-0-0-0\" class=\"so-panel widget widget_sow-image panel-first-child panel-last-child\" data-index=\"0\" ><div class=\"so-widget-sow-image so-widget-sow-image-default-d6014b76747a-399\">\n\n<div class=\"sow-image-container\">\n\t\t<img decoding=\"async\" src=\"https:\/\/belmont-veterinaire.ch\/wp-content\/uploads\/2023\/02\/leslie-tahon-schmid2.png\" width=\"1462\" height=\"1914\" srcset=\"https:\/\/belmont-veterinaire.ch\/wp-content\/uploads\/2023\/02\/leslie-tahon-schmid2.png 1462w, https:\/\/belmont-veterinaire.ch\/wp-content\/uploads\/2023\/02\/leslie-tahon-schmid2-229x300.png 229w, https:\/\/belmont-veterinaire.ch\/wp-content\/uploads\/2023\/02\/leslie-tahon-schmid2-782x1024.png 782w, https:\/\/belmont-veterinaire.ch\/wp-content\/uploads\/2023\/02\/leslie-tahon-schmid2-768x1005.png 768w, https:\/\/belmont-veterinaire.ch\/wp-content\/uploads\/2023\/02\/leslie-tahon-schmid2-1173x1536.png 1173w\" sizes=\"auto, (max-width: 1462px) 100vw, 1462px\" alt=\"\" loading=\"lazy\" \t\tclass=\"so-widget-image\"\/>\n\t<\/div>\n\n<\/div><\/div><\/div><div id=\"pgc-gb399-6a96732bdc2a2-0-1\"  class=\"panel-grid-cell\" ><div id=\"panel-gb399-6a96732bdc2a2-0-1-0\" class=\"so-panel widget widget_sow-editor panel-first-child\" data-index=\"1\" ><div class=\"curriculum panel-widget-style panel-widget-style-for-gb399-6a96732bdc2a2-0-1-0\" ><div class=\"so-widget-sow-editor so-widget-sow-editor-base\">\n<div class=\"siteorigin-widget-tinymce textwidget\">\n\t<h2>Pr\u00e9sentation<\/h2>\n<p>Dipl\u00f4m\u00e9e de la facult\u00e9 Vetsuisse de Berne en 2001, j&rsquo;ai pratiqu\u00e9 la m\u00e9decine v\u00e9t\u00e9rinaire en tant que v\u00e9t\u00e9rinaire g\u00e9n\u00e9raliste pour petits animaux\u00a0 jusqu&rsquo;en 2017, avec pour centres d&rsquo;int\u00e9r\u00eats pr\u00e9pond\u00e9rants la m\u00e9decine interne, l&rsquo;anesth\u00e9sie et la gestion de la douleur.\u00a0<\/p>\n<p>Mon exp\u00e9rience personnelle et professionnelle de tous les jours progressivement amen\u00e9 \u00e0 m&rsquo;int\u00e9resser aux m\u00e9decines compl\u00e9mentaires et plus particuli\u00e8rement \u00e0 la m\u00e9decine v\u00e9t\u00e9rinaire traditionnelle chinoise (MVTC). J&rsquo;ai alors d\u00e9cid\u00e9 de rajouter une corde \u00e0 mon arc et de suivre une formation en acupuncture v\u00e9t\u00e9rinaire au Chi Institute of Europe de Madrid en 2011. <\/p>\n<p>En 2012, j&rsquo;ai fond\u00e9 le cabinet d&rsquo;acupuncture v\u00e9t\u00e9rinaire itin\u00e9rant VetQi. En 2014, apr\u00e8s un travail de dipl\u00f4me, j&rsquo;ai obtenu mon titre de CVA (Certified Veterinary Acupuncturist). Depuis lors, j&rsquo;ai continu\u00e9 \u00e0 me former dans les autres branches de la MVTC (pharmacop\u00e9e chinoise, nutrition et\u00a0Tui-Na) dans un programme de Master avec la\u00a0Chi University aux USA\u00a0qui s&rsquo;est termin\u00e9 en 2019. <\/p>\n<p>Mon travail de Master, un \u00e9tude clinique\u00a0en collaboration avec le Dr D. Aebischer\u00a0de la clinique \u00e9quine AREDA \u00e0 Bex, intitul\u00e9e \u00ab\u00a0Assessment of Acupuncture point Sensitivity Scanning Method for Localizing and Evaluationg Lesions in Horses\u00a0\u00bb a \u00e9t\u00e9 publi\u00e9e en 2021 dans \u00ab\u00a0The American Journal of Traditional Chinese Veterinary Medicine\u00a0\u00bb(AJTCVM). Depuis 2017, je pratique exclusivement la MVTC et je continue de me former dans ma sp\u00e9cialit\u00e9 ainsi qu&rsquo;en m\u00e9decine classique des petits animaux et \u00e9quine. <\/p>\n<p>En 2021, j&rsquo;ai \u00e9t\u00e9 promue directrice de la Chi University Switzerland, un programme de formation en acupuncture v\u00e9t\u00e9rinaire pour les m\u00e9decins-v\u00e9t\u00e9rinaires.\u00a0<\/p>\n<\/div>\n<\/div><\/div><\/div><div id=\"panel-gb399-6a96732bdc2a2-0-1-1\" class=\"so-panel widget widget_sow-editor\" data-index=\"2\" ><div class=\"curriculum panel-widget-style panel-widget-style-for-gb399-6a96732bdc2a2-0-1-1\" ><div class=\"so-widget-sow-editor so-widget-sow-editor-base\">\n<div class=\"siteorigin-widget-tinymce textwidget\">\n\t<h2>Curriculum<\/h2>\n<label class=\"dateLabel\">2021<\/label>\n<div class=\"inlineBlock\">Fondation et direction de la Chi University Switzerland <\/div>\n<br \/>\n<label class=\"dateLabel\">Depuis d\u00e9cembre 2017<\/label>\n<div class=\"inlineBlock\">Ind\u00e9pendante chez VetQi, Aumont<\/div>\n<br \/>\n<label class=\"dateLabel\">2012-2017<\/label>\n<div class=\"inlineBlock\">V\u00e9t\u00e9rinaire g\u00e9n\u00e9raliste et sp\u00e9cialis\u00e9e en m\u00e9decine chinoise, Centre v\u00e9t\u00e9rinaire Agy, Granges-Paccot<\/div>\n<br \/>\n<label class=\"dateLabel\">2012<\/label>\n<div class=\"inlineBlock\">Fondation du cabinet v\u00e9t\u00e9rinaire itin\u00e9rant VetQi, Aumont<\/div>\n<br \/>\n<label class=\"dateLabel\">2010-2012<\/label>\n<div class=\"inlineBlock\">V\u00e9t\u00e9rinaire g\u00e9n\u00e9raliste, Cabinet Vetmidi, St-Prex<\/div>\n<br \/>\n<label class=\"dateLabel\">2007-2009<\/label>\n<div class=\"inlineBlock\">S\u00e9jour en Angleterre<\/div>\n<br \/>\n<label class=\"dateLabel\">2003-2007<\/label>\n<div class=\"inlineBlock\">V\u00e9t\u00e9rinaire g\u00e9n\u00e9raliste assistante, Cabinet v\u00e9t\u00e9rinaire des Bergi\u00e8res, Lausanne<\/div>\n<br \/>\n<label class=\"dateLabel\">2002-2005<\/label>\n<div class=\"inlineBlock\">Th\u00e8se de Doctorat, D\u00e9partement d&rsquo;Immunologie clinique, Vetsuisse, Bern<\/div>\n<br \/>\n<label class=\"dateLabel\">1995-2001<\/label>\n<div class=\"inlineBlock\">Etudes de m\u00e9decine v\u00e9t\u00e9rinaire \u00e0 la facult\u00e9 Vetsuisse de Berne\n<\/div>\n<br \/><\/div>\n<\/div><\/div><\/div><div id=\"panel-gb399-6a96732bdc2a2-0-1-2\" class=\"so-panel widget widget_sow-editor panel-last-child\" data-index=\"3\" ><div class=\"curriculum panel-widget-style panel-widget-style-for-gb399-6a96732bdc2a2-0-1-2\" ><div class=\"so-widget-sow-editor so-widget-sow-editor-base\">\n<div class=\"siteorigin-widget-tinymce textwidget\">\n\t<h2>Dipl\u00f4mes<\/h2>\n<label class=\"dateLabel\">2022<\/label>\n<div class=\"inlineBlock\">Certified Veterinary Balance Method Acupuncturist (CVBMA), Chi\u00a0University, Reddick, USA<\/div>\n<label class=\"dateLabel\">2021<\/label>\n<div class=\"inlineBlock\">Certified Traditional Chinese Veterinary Medicine Practitioner, Chi\u00a0University, Reddick, USA<\/div>\n<label class=\"dateLabel\">2019<\/label>\n<div class=\"inlineBlock\">Master\u2019s Degree in Traditional Chinese Veterinary Medicine, Chi\u00a0University, Reddick, USA<\/div>\n<label class=\"dateLabel\">2018<\/label>\n<div class=\"inlineBlock\">Certificat de capacit\u00e9 d\u2019acupuncture SVS<\/div>\n<label class=\"dateLabel\">2018<\/label>\n<div class=\"inlineBlock\">Certified Veterinary Tui-Na Practitioner (CVTP), Chi\u00a0Institute of Chinese Medicine, Reddick, USA<\/div>\n<label class=\"dateLabel\">2018<\/label>\n<div class=\"inlineBlock\">Certified Veterinary Food Therapist (CVFT), Chi\u00a0Institute of Chinese Medicine, Reddick, USA<\/div>\n<label class=\"dateLabel\">2018<\/label>\n<div class=\"inlineBlock\">Certified Veterinary Herbalist (CVCH),\u00a0Chi\u00a0Institute of Chinese Medicine, Reddick, USA<\/div>\n<label class=\"dateLabel\">2018<\/label>\n<div class=\"inlineBlock\">Certified Veterinary Acupuncturist (CVA),\u00a0Chi\u00a0Institute of Chinese Medicine, Reddick, USA<\/div>\n<label class=\"dateLabel\">2014<\/label>\n<div class=\"inlineBlock\">Certified Veterinary Acupuncturist (CVA),\u00a0Chi\u00a0Institute of Chinese Medicine, Reddick, USA<\/div>\n<label class=\"dateLabel\">2005<\/label>\n<div class=\"inlineBlock\">Titre de Docteur en m\u00e9decine-v\u00e9t\u00e9rinaire, \u00ab\u00a0In vitro allergy tests compared to intradermal testing in horses with recurrent airway obstruction\u00a0\u00bb<\/div>\n<label class=\"dateLabel\">2001<\/label>\n<div class=\"inlineBlock\">Dipl\u00f4me de m\u00e9decin-v\u00e9t\u00e9rinaire, Facult\u00e9 Vetsuisse Bern<\/div><\/div>\n<\/div><\/div><\/div><\/div><\/div><\/div>","protected":false},"excerpt":{"rendered":"<p>Pr\u00e9sentation Dipl\u00f4m\u00e9e de la facult\u00e9 Vetsuisse de Berne en 2001, j&rsquo;ai pratiqu\u00e9 la m\u00e9decine v\u00e9t\u00e9rinaire en tant que v\u00e9t\u00e9rinaire g\u00e9n\u00e9raliste pour petits animaux\u00a0 jusqu&rsquo;en 2017, avec pour centres d&rsquo;int\u00e9r\u00eats pr\u00e9pond\u00e9rants la m\u00e9decine interne, l&rsquo;anesth\u00e9sie et la gestion de la douleur.\u00a0 Mon exp\u00e9rience personnelle et professionnelle de tous les jours progressivement amen\u00e9 \u00e0 m&rsquo;int\u00e9resser aux m\u00e9decines [&hellip;]<\/p>\n<br\/><br\/><a class=\"readmore-button\" href=\"https:\/\/belmont-veterinaire.ch\/?page_id=399\"> Read More<\/a>","protected":false},"author":1,"featured_media":0,"parent":11,"menu_order":0,"comment_status":"closed","ping_status":"closed","template":"","meta":{"footnotes":""},"class_list":["post-399","page","type-page","status-publish","hentry"],"_links":{"self":[{"href":"https:\/\/belmont-veterinaire.ch\/index.php?rest_route=\/wp\/v2\/pages\/399","targetHints":{"allow":["GET"]}}],"collection":[{"href":"https:\/\/belmont-veterinaire.ch\/index.php?rest_route=\/wp\/v2\/pages"}],"about":[{"href":"https:\/\/belmont-veterinaire.ch\/index.php?rest_route=\/wp\/v2\/types\/page"}],"author":[{"embeddable":true,"href":"https:\/\/belmont-veterinaire.ch\/index.php?rest_route=\/wp\/v2\/users\/1"}],"replies":[{"embeddable":true,"href":"https:\/\/belmont-veterinaire.ch\/index.php?rest_route=%2Fwp%2Fv2%2Fcomments&post=399"}],"version-history":[{"count":11,"href":"https:\/\/belmont-veterinaire.ch\/index.php?rest_route=\/wp\/v2\/pages\/399\/revisions"}],"predecessor-version":[{"id":552,"href":"https:\/\/belmont-veterinaire.ch\/index.php?rest_route=\/wp\/v2\/pages\/399\/revisions\/552"}],"up":[{"embeddable":true,"href":"https:\/\/belmont-veterinaire.ch\/index.php?rest_route=\/wp\/v2\/pages\/11"}],"wp:attachment":[{"href":"https:\/\/belmont-veterinaire.ch\/index.php?rest_route=%2Fwp%2Fv2%2Fmedia&parent=399"}],"curies":[{"name":"wp","href":"https:\/\/api.w.org\/{rel}","templated":true}]}}

<div id="pl-gb399-6a96732bdc2a2"  class="panel-layout" ><div id="pg-gb399-6a96732bdc2a2-0"  class="panel-grid panel-no-style" ><div id="pgc-gb399-6a96732bdc2a2-0-0"  class="panel-grid-cell" ><div id="panel-gb399-6a96732bdc2a2-0-0-0" class="so-panel widget widget_sow-image panel-first-child panel-last-child" data-index="0" ><div class="so-widget-sow-image so-widget-sow-image-default-d6014b76747a-399">

<div class="sow-image-container">
		<img decoding="async" src="https://belmont-veterinaire.ch/wp-content/uploads/2023/02/leslie-tahon-schmid2.png" width="1462" height="1914" srcset="https://belmont-veterinaire.ch/wp-content/uploads/2023/02/leslie-tahon-schmid2.png 1462w, https://belmont-veterinaire.ch/wp-content/uploads/2023/02/leslie-tahon-schmid2-229x300.png 229w, https://belmont-veterinaire.ch/wp-content/uploads/2023/02/leslie-tahon-schmid2-782x1024.png 782w, https://belmont-veterinaire.ch/wp-content/uploads/2023/02/leslie-tahon-schmid2-768x1005.png 768w, https://belmont-veterinaire.ch/wp-content/uploads/2023/02/leslie-tahon-schmid2-1173x1536.png 1173w" sizes="auto, (max-width: 1462px) 100vw, 1462px" alt="" loading="lazy" 		class="so-widget-image"/>
	</div>

</div></div></div><div id="pgc-gb399-6a96732bdc2a2-0-1"  class="panel-grid-cell" ><div id="panel-gb399-6a96732bdc2a2-0-1-0" class="so-panel widget widget_sow-editor panel-first-child" data-index="1" ><div class="curriculum panel-widget-style panel-widget-style-for-gb399-6a96732bdc2a2-0-1-0" ><div class="so-widget-sow-editor so-widget-sow-editor-base">
<div class="siteorigin-widget-tinymce textwidget">
	<h2>Présentation</h2>
<p>Diplômée de la faculté Vetsuisse de Berne en 2001, j&rsquo;ai pratiqué la médecine vétérinaire en tant que vétérinaire généraliste pour petits animaux  jusqu&rsquo;en 2017, avec pour centres d&rsquo;intérêts prépondérants la médecine interne, l&rsquo;anesthésie et la gestion de la douleur. </p>
<p>Mon expérience personnelle et professionnelle de tous les jours progressivement amené à m&rsquo;intéresser aux médecines complémentaires et plus particulièrement à la médecine vétérinaire traditionnelle chinoise (MVTC). J&rsquo;ai alors décidé de rajouter une corde à mon arc et de suivre une formation en acupuncture vétérinaire au Chi Institute of Europe de Madrid en 2011. </p>
<p>En 2012, j&rsquo;ai fondé le cabinet d&rsquo;acupuncture vétérinaire itinérant VetQi. En 2014, après un travail de diplôme, j&rsquo;ai obtenu mon titre de CVA (Certified Veterinary Acupuncturist). Depuis lors, j&rsquo;ai continué à me former dans les autres branches de la MVTC (pharmacopée chinoise, nutrition et Tui-Na) dans un programme de Master avec la Chi University aux USA qui s&rsquo;est terminé en 2019. </p>
<p>Mon travail de Master, un étude clinique en collaboration avec le Dr D. Aebischer de la clinique équine AREDA à Bex, intitulée « Assessment of Acupuncture point Sensitivity Scanning Method for Localizing and Evaluationg Lesions in Horses » a été publiée en 2021 dans « The American Journal of Traditional Chinese Veterinary Medicine »(AJTCVM). Depuis 2017, je pratique exclusivement la MVTC et je continue de me former dans ma spécialité ainsi qu&rsquo;en médecine classique des petits animaux et équine. </p>
<p>En 2021, j&rsquo;ai été promue directrice de la Chi University Switzerland, un programme de formation en acupuncture vétérinaire pour les médecins-vétérinaires. </p>
</div>
</div></div></div><div id="panel-gb399-6a96732bdc2a2-0-1-1" class="so-panel widget widget_sow-editor" data-index="2" ><div class="curriculum panel-widget-style panel-widget-style-for-gb399-6a96732bdc2a2-0-1-1" ><div class="so-widget-sow-editor so-widget-sow-editor-base">
<div class="siteorigin-widget-tinymce textwidget">
	<h2>Curriculum</h2>
<label class="dateLabel">2021</label>
<div class="inlineBlock">Fondation et direction de la Chi University Switzerland </div>
<br />
<label class="dateLabel">Depuis décembre 2017</label>
<div class="inlineBlock">Indépendante chez VetQi, Aumont</div>
<br />
<label class="dateLabel">2012-2017</label>
<div class="inlineBlock">Vétérinaire généraliste et spécialisée en médecine chinoise, Centre vétérinaire Agy, Granges-Paccot</div>
<br />
<label class="dateLabel">2012</label>
<div class="inlineBlock">Fondation du cabinet vétérinaire itinérant VetQi, Aumont</div>
<br />
<label class="dateLabel">2010-2012</label>
<div class="inlineBlock">Vétérinaire généraliste, Cabinet Vetmidi, St-Prex</div>
<br />
<label class="dateLabel">2007-2009</label>
<div class="inlineBlock">Séjour en Angleterre</div>
<br />
<label class="dateLabel">2003-2007</label>
<div class="inlineBlock">Vétérinaire généraliste assistante, Cabinet vétérinaire des Bergières, Lausanne</div>
<br />
<label class="dateLabel">2002-2005</label>
<div class="inlineBlock">Thèse de Doctorat, Département d&rsquo;Immunologie clinique, Vetsuisse, Bern</div>
<br />
<label class="dateLabel">1995-2001</label>
<div class="inlineBlock">Etudes de médecine vétérinaire à la faculté Vetsuisse de Berne
</div>
<br /></div>
</div></div></div><div id="panel-gb399-6a96732bdc2a2-0-1-2" class="so-panel widget widget_sow-editor panel-last-child" data-index="3" ><div class="curriculum panel-widget-style panel-widget-style-for-gb399-6a96732bdc2a2-0-1-2" ><div class="so-widget-sow-editor so-widget-sow-editor-base">
<div class="siteorigin-widget-tinymce textwidget">
	<h2>Diplômes</h2>
<label class="dateLabel">2022</label>
<div class="inlineBlock">Certified Veterinary Balance Method Acupuncturist (CVBMA), Chi University, Reddick, USA</div>
<label class="dateLabel">2021</label>
<div class="inlineBlock">Certified Traditional Chinese Veterinary Medicine Practitioner, Chi University, Reddick, USA</div>
<label class="dateLabel">2019</label>
<div class="inlineBlock">Master’s Degree in Traditional Chinese Veterinary Medicine, Chi University, Reddick, USA</div>
<label class="dateLabel">2018</label>
<div class="inlineBlock">Certificat de capacité d’acupuncture SVS</div>
<label class="dateLabel">2018</label>
<div class="inlineBlock">Certified Veterinary Tui-Na Practitioner (CVTP), Chi Institute of Chinese Medicine, Reddick, USA</div>
<label class="dateLabel">2018</label>
<div class="inlineBlock">Certified Veterinary Food Therapist (CVFT), Chi Institute of Chinese Medicine, Reddick, USA</div>
<label class="dateLabel">2018</label>
<div class="inlineBlock">Certified Veterinary Herbalist (CVCH), Chi Institute of Chinese Medicine, Reddick, USA</div>
<label class="dateLabel">2018</label>
<div class="inlineBlock">Certified Veterinary Acupuncturist (CVA), Chi Institute of Chinese Medicine, Reddick, USA</div>
<label class="dateLabel">2014</label>
<div class="inlineBlock">Certified Veterinary Acupuncturist (CVA), Chi Institute of Chinese Medicine, Reddick, USA</div>
<label class="dateLabel">2005</label>
<div class="inlineBlock">Titre de Docteur en médecine-vétérinaire, « In vitro allergy tests compared to intradermal testing in horses with recurrent airway obstruction »</div>
<label class="dateLabel">2001</label>
<div class="inlineBlock">Diplôme de médecin-vétérinaire, Faculté Vetsuisse Bern</div></div>
</div></div></div></div></div></div>

<p>Présentation Diplômée de la faculté Vetsuisse de Berne en 2001, j&rsquo;ai pratiqué la médecine vétérinaire en tant que vétérinaire généraliste pour petits animaux  jusqu&rsquo;en 2017, avec pour centres d&rsquo;intérêts prépondérants la médecine interne, l&rsquo;anesthésie et la gestion de la douleur.  Mon expérience personnelle et professionnelle de tous les jours progressivement amené à m&rsquo;intéresser aux médecines [&hellip;]</p>
<br/><br/><a class="readmore-button" href="https://belmont-veterinaire.ch/?page_id=399"> Read More</a>
