{"id":639,"date":"2023-09-04T20:55:38","date_gmt":"2023-09-04T19:55:38","guid":{"rendered":"https:\/\/belmont-veterinaire.ch\/?page_id=639"},"modified":"2023-09-04T21:10:28","modified_gmt":"2023-09-04T20:10:28","slug":"alexandra-musy","status":"publish","type":"page","link":"https:\/\/belmont-veterinaire.ch\/?page_id=639","title":{"rendered":"Alexandra Musy"},"content":{"rendered":"<div id=\"pl-gb639-6a9672b3d1beb\"  class=\"panel-layout\" ><div id=\"pg-gb639-6a9672b3d1beb-0\"  class=\"panel-grid panel-no-style\" ><div id=\"pgc-gb639-6a9672b3d1beb-0-0\"  class=\"panel-grid-cell\" ><div id=\"panel-gb639-6a9672b3d1beb-0-0-0\" class=\"so-panel widget widget_media_image panel-first-child panel-last-child\" data-index=\"0\" ><img loading=\"lazy\" decoding=\"async\" width=\"1200\" height=\"1600\" src=\"https:\/\/belmont-veterinaire.ch\/wp-content\/uploads\/2023\/09\/Photo-Alex-rucher_light.jpg\" class=\"image wp-image-646  attachment-full size-full\" alt=\"\" style=\"max-width: 100%; height: auto;\" srcset=\"https:\/\/belmont-veterinaire.ch\/wp-content\/uploads\/2023\/09\/Photo-Alex-rucher_light.jpg 1200w, https:\/\/belmont-veterinaire.ch\/wp-content\/uploads\/2023\/09\/Photo-Alex-rucher_light-225x300.jpg 225w, https:\/\/belmont-veterinaire.ch\/wp-content\/uploads\/2023\/09\/Photo-Alex-rucher_light-768x1024.jpg 768w, https:\/\/belmont-veterinaire.ch\/wp-content\/uploads\/2023\/09\/Photo-Alex-rucher_light-1152x1536.jpg 1152w\" sizes=\"auto, (max-width: 1200px) 100vw, 1200px\" \/><\/div><\/div><div id=\"pgc-gb639-6a9672b3d1beb-0-1\"  class=\"panel-grid-cell\" ><div id=\"panel-gb639-6a9672b3d1beb-0-1-0\" class=\"so-panel widget widget_black-studio-tinymce widget_black_studio_tinymce panel-first-child panel-last-child\" data-index=\"1\" ><div class=\"textwidget\"><h2>Pr\u00e9sentation<\/h2>\n<p> Ayant grandi en pleine campagne, les animaux ont toujours fait partie de loin ou de pr\u00e8s de ma vie. J\u2019aurais voulu en faire mon m\u00e9tier mais un autre chemin professionnel s\u2019est ouvert \u00e0 moi.<\/p>\n<p>Apr\u00e8s plusieurs ann\u00e9es dans l\u2019administration publique, je suis retourn\u00e9e vers le monde des animaux.<\/p>\n<p>Passionn\u00e9e par le monde apicole, avec mon mari nous avons plusieurs ruches dans la Broye. Allergique aux abeilles, je m\u2019occupe principalement de l\u2019extraction du miel, de la mise en pot ainsi que de la commercialisation.<\/p><\/div><\/div><\/div><\/div><\/div>","protected":false},"excerpt":{"rendered":"<p>Pr\u00e9sentation Ayant grandi en pleine campagne, les animaux ont toujours fait partie de loin ou de pr\u00e8s de ma vie. J\u2019aurais voulu en faire mon m\u00e9tier mais un autre chemin professionnel s\u2019est ouvert \u00e0 moi. Apr\u00e8s plusieurs ann\u00e9es dans l\u2019administration publique, je suis retourn\u00e9e vers le monde des animaux. Passionn\u00e9e par le monde apicole, avec [&hellip;]<\/p>\n<br\/><br\/><a class=\"readmore-button\" href=\"https:\/\/belmont-veterinaire.ch\/?page_id=639\"> Read More<\/a>","protected":false},"author":1,"featured_media":0,"parent":11,"menu_order":0,"comment_status":"closed","ping_status":"closed","template":"","meta":{"footnotes":""},"class_list":["post-639","page","type-page","status-publish","hentry"],"_links":{"self":[{"href":"https:\/\/belmont-veterinaire.ch\/index.php?rest_route=\/wp\/v2\/pages\/639","targetHints":{"allow":["GET"]}}],"collection":[{"href":"https:\/\/belmont-veterinaire.ch\/index.php?rest_route=\/wp\/v2\/pages"}],"about":[{"href":"https:\/\/belmont-veterinaire.ch\/index.php?rest_route=\/wp\/v2\/types\/page"}],"author":[{"embeddable":true,"href":"https:\/\/belmont-veterinaire.ch\/index.php?rest_route=\/wp\/v2\/users\/1"}],"replies":[{"embeddable":true,"href":"https:\/\/belmont-veterinaire.ch\/index.php?rest_route=%2Fwp%2Fv2%2Fcomments&post=639"}],"version-history":[{"count":3,"href":"https:\/\/belmont-veterinaire.ch\/index.php?rest_route=\/wp\/v2\/pages\/639\/revisions"}],"predecessor-version":[{"id":647,"href":"https:\/\/belmont-veterinaire.ch\/index.php?rest_route=\/wp\/v2\/pages\/639\/revisions\/647"}],"up":[{"embeddable":true,"href":"https:\/\/belmont-veterinaire.ch\/index.php?rest_route=\/wp\/v2\/pages\/11"}],"wp:attachment":[{"href":"https:\/\/belmont-veterinaire.ch\/index.php?rest_route=%2Fwp%2Fv2%2Fmedia&parent=639"}],"curies":[{"name":"wp","href":"https:\/\/api.w.org\/{rel}","templated":true}]}}

<div id="pl-gb639-6a9672b3d1beb"  class="panel-layout" ><div id="pg-gb639-6a9672b3d1beb-0"  class="panel-grid panel-no-style" ><div id="pgc-gb639-6a9672b3d1beb-0-0"  class="panel-grid-cell" ><div id="panel-gb639-6a9672b3d1beb-0-0-0" class="so-panel widget widget_media_image panel-first-child panel-last-child" data-index="0" ><img loading="lazy" decoding="async" width="1200" height="1600" src="https://belmont-veterinaire.ch/wp-content/uploads/2023/09/Photo-Alex-rucher_light.jpg" class="image wp-image-646  attachment-full size-full" alt="" style="max-width: 100%; height: auto;" srcset="https://belmont-veterinaire.ch/wp-content/uploads/2023/09/Photo-Alex-rucher_light.jpg 1200w, https://belmont-veterinaire.ch/wp-content/uploads/2023/09/Photo-Alex-rucher_light-225x300.jpg 225w, https://belmont-veterinaire.ch/wp-content/uploads/2023/09/Photo-Alex-rucher_light-768x1024.jpg 768w, https://belmont-veterinaire.ch/wp-content/uploads/2023/09/Photo-Alex-rucher_light-1152x1536.jpg 1152w" sizes="auto, (max-width: 1200px) 100vw, 1200px" /></div></div><div id="pgc-gb639-6a9672b3d1beb-0-1"  class="panel-grid-cell" ><div id="panel-gb639-6a9672b3d1beb-0-1-0" class="so-panel widget widget_black-studio-tinymce widget_black_studio_tinymce panel-first-child panel-last-child" data-index="1" ><div class="textwidget"><h2>Présentation</h2>
<p> Ayant grandi en pleine campagne, les animaux ont toujours fait partie de loin ou de près de ma vie. J’aurais voulu en faire mon métier mais un autre chemin professionnel s’est ouvert à moi.</p>
<p>Après plusieurs années dans l’administration publique, je suis retournée vers le monde des animaux.</p>
<p>Passionnée par le monde apicole, avec mon mari nous avons plusieurs ruches dans la Broye. Allergique aux abeilles, je m’occupe principalement de l’extraction du miel, de la mise en pot ainsi que de la commercialisation.</p></div></div></div></div></div>

<p>Présentation Ayant grandi en pleine campagne, les animaux ont toujours fait partie de loin ou de près de ma vie. J’aurais voulu en faire mon métier mais un autre chemin professionnel s’est ouvert à moi. Après plusieurs années dans l’administration publique, je suis retournée vers le monde des animaux. Passionnée par le monde apicole, avec [&hellip;]</p>
<br/><br/><a class="readmore-button" href="https://belmont-veterinaire.ch/?page_id=639"> Read More</a>
